{"id":9,"date":"2020-08-25T13:10:43","date_gmt":"2020-08-25T11:10:43","guid":{"rendered":"http:\/\/psychologue-isabelle-ruet.fr\/?page_id=9"},"modified":"2024-02-03T15:34:28","modified_gmt":"2024-02-03T14:34:28","slug":"accueil","status":"publish","type":"page","link":"https:\/\/psychologue-isabelle-ruet.fr\/","title":{"rendered":"Accueil"},"content":{"rendered":"\n<figure class=\"wp-block-image size-large is-resized\"><img loading=\"lazy\" decoding=\"async\" width=\"768\" height=\"1024\" src=\"http:\/\/psychologue-isabelle-ruet.fr\/wp-content\/uploads\/2020\/08\/IMG-4423-768x1024.jpg\" alt=\"\" class=\"wp-image-79\" style=\"width:240px;height:319px\" srcset=\"https:\/\/psychologue-isabelle-ruet.fr\/wp-content\/uploads\/2020\/08\/IMG-4423-768x1024.jpg 768w, https:\/\/psychologue-isabelle-ruet.fr\/wp-content\/uploads\/2020\/08\/IMG-4423-225x300.jpg 225w, https:\/\/psychologue-isabelle-ruet.fr\/wp-content\/uploads\/2020\/08\/IMG-4423-1152x1536.jpg 1152w, https:\/\/psychologue-isabelle-ruet.fr\/wp-content\/uploads\/2020\/08\/IMG-4423-1536x2048.jpg 1536w, https:\/\/psychologue-isabelle-ruet.fr\/wp-content\/uploads\/2020\/08\/IMG-4423-scaled.jpg 1920w\" sizes=\"(max-width: 767px) 89vw, (max-width: 1000px) 54vw, (max-width: 1071px) 543px, 580px\" \/><\/figure>\n\n\n\n<p>Cabinet lib\u00e9ral&nbsp;:<\/p>\n\n\n\n<p><strong><em>De 2012 \u00e0 2020\u00a0:<\/em><\/strong><em> POLE MEDICAL PODENSAC<br><strong>De septembre 2020 \u00e0 2023\u00a0:<\/strong> POLE MEDICAL ST MORILLON <\/em><\/p>\n\n\n\n<p><strong><em>A partir de 2024 <\/em>:<\/strong> 5 bis clos du baradot, Rte de la Br\u00e8de, 33720 Saint-Michel-de-Rieufret<\/p>\n\n\n<ul>\n<li><strong>Psychologue clinicienne &#8211; Psychoth\u00e9rapeute <\/strong><\/li>\n<\/ul>\n<ul>\n<li><strong>Psychologue du travail<\/strong>:<\/li>\n<li><em>Clinique de l\u2019activit\u00e9 \u2013 psychopathologie du travail\u00a0 \u00a0 \u00a0 \u00a0<\/em><\/li>\n<li><em>Supervision de professionnels<\/em><\/li>\n<\/ul>\n<ul>\n<li><strong>Dipl\u00f4me universitaire interdisciplinaire de la famille <\/strong><\/li>\n<\/ul>\n<ul>\n<li><strong>R\u00e9seau de pr\u00e9vention et de Prise en Charge de l\u2019Ob\u00e9sit\u00e9 P\u00e9diatrique (REPOP)<\/strong><\/li>\n<\/ul>","protected":false},"excerpt":{"rendered":"<p>Cabinet lib\u00e9ral&nbsp;: De 2012 \u00e0 2020\u00a0: POLE MEDICAL PODENSACDe septembre 2020 \u00e0 2023\u00a0: POLE MEDICAL ST MORILLON A partir de 2024 : 5 bis clos du baradot, Rte de la Br\u00e8de, 33720 Saint-Michel-de-Rieufret Psychologue clinicienne &#8211; Psychoth\u00e9rapeute Psychologue du travail: Clinique de l\u2019activit\u00e9 \u2013 psychopathologie du travail\u00a0 \u00a0 \u00a0 \u00a0 Supervision de professionnels Dipl\u00f4me universitaire &hellip; <\/p>\n<p class=\"link-more\"><a href=\"https:\/\/psychologue-isabelle-ruet.fr\/\" class=\"more-link\">Continue reading<span class=\"screen-reader-text\"> &#8220;Accueil&#8221;<\/span><\/a><\/p>\n","protected":false},"author":1,"featured_media":0,"parent":0,"menu_order":0,"comment_status":"closed","ping_status":"closed","template":"","meta":{"footnotes":""},"_links":{"self":[{"href":"https:\/\/psychologue-isabelle-ruet.fr\/index.php?rest_route=\/wp\/v2\/pages\/9"}],"collection":[{"href":"https:\/\/psychologue-isabelle-ruet.fr\/index.php?rest_route=\/wp\/v2\/pages"}],"about":[{"href":"https:\/\/psychologue-isabelle-ruet.fr\/index.php?rest_route=\/wp\/v2\/types\/page"}],"author":[{"embeddable":true,"href":"https:\/\/psychologue-isabelle-ruet.fr\/index.php?rest_route=\/wp\/v2\/users\/1"}],"replies":[{"embeddable":true,"href":"https:\/\/psychologue-isabelle-ruet.fr\/index.php?rest_route=%2Fwp%2Fv2%2Fcomments&post=9"}],"version-history":[{"count":11,"href":"https:\/\/psychologue-isabelle-ruet.fr\/index.php?rest_route=\/wp\/v2\/pages\/9\/revisions"}],"predecessor-version":[{"id":194,"href":"https:\/\/psychologue-isabelle-ruet.fr\/index.php?rest_route=\/wp\/v2\/pages\/9\/revisions\/194"}],"wp:attachment":[{"href":"https:\/\/psychologue-isabelle-ruet.fr\/index.php?rest_route=%2Fwp%2Fv2%2Fmedia&parent=9"}],"curies":[{"name":"wp","href":"https:\/\/api.w.org\/{rel}","templated":true}]}}

<figure class="wp-block-image size-large is-resized"><img loading="lazy" decoding="async" width="768" height="1024" src="http://psychologue-isabelle-ruet.fr/wp-content/uploads/2020/08/IMG-4423-768x1024.jpg" alt="" class="wp-image-79" style="width:240px;height:319px" srcset="https://psychologue-isabelle-ruet.fr/wp-content/uploads/2020/08/IMG-4423-768x1024.jpg 768w, https://psychologue-isabelle-ruet.fr/wp-content/uploads/2020/08/IMG-4423-225x300.jpg 225w, https://psychologue-isabelle-ruet.fr/wp-content/uploads/2020/08/IMG-4423-1152x1536.jpg 1152w, https://psychologue-isabelle-ruet.fr/wp-content/uploads/2020/08/IMG-4423-1536x2048.jpg 1536w, https://psychologue-isabelle-ruet.fr/wp-content/uploads/2020/08/IMG-4423-scaled.jpg 1920w" sizes="(max-width: 767px) 89vw, (max-width: 1000px) 54vw, (max-width: 1071px) 543px, 580px" /></figure>



<p>Cabinet libéral&nbsp;:</p>



<p><strong><em>De 2012 à 2020 :</em></strong><em> POLE MEDICAL PODENSAC<br><strong>De septembre 2020 à 2023 :</strong> POLE MEDICAL ST MORILLON </em></p>



<p><strong><em>A partir de 2024 </em>:</strong> 5 bis clos du baradot, Rte de la Brède, 33720 Saint-Michel-de-Rieufret</p>


<ul>
<li><strong>Psychologue clinicienne &#8211; Psychothérapeute </strong></li>
</ul>
<ul>
<li><strong>Psychologue du travail</strong>:</li>
<li><em>Clinique de l’activité – psychopathologie du travail       </em></li>
<li><em>Supervision de professionnels</em></li>
</ul>
<ul>
<li><strong>Diplôme universitaire interdisciplinaire de la famille </strong></li>
</ul>
<ul>
<li><strong>Réseau de prévention et de Prise en Charge de l’Obésité Pédiatrique (REPOP)</strong></li>
</ul>

<p>Cabinet libéral&nbsp;: De 2012 à 2020 : POLE MEDICAL PODENSACDe septembre 2020 à 2023 : POLE MEDICAL ST MORILLON A partir de 2024 : 5 bis clos du baradot, Rte de la Brède, 33720 Saint-Michel-de-Rieufret Psychologue clinicienne &#8211; Psychothérapeute Psychologue du travail: Clinique de l’activité – psychopathologie du travail        Supervision de professionnels Diplôme universitaire &hellip; </p>
<p class="link-more"><a href="https://psychologue-isabelle-ruet.fr/" class="more-link">Continue reading<span class="screen-reader-text"> &#8220;Accueil&#8221;</span></a></p>
